the remainder when 28455 is divided by 813?
0
Calculate the remainder when 3202 is divided by 205.
127
Calculate the remainder when 2263 is divided by 1082.
99
Calculate the remainder when 33885 is divided by 16937.
11
What is the remainder when 1060249 is divided by 129?
127
What is the remainder when 20747 is divided by 31?
8
Calculate the remainder when 76935 is divided by 12816.
39
Calculate the remainder when 1612240 is divided by 3732.
16
What is the remainder when 83188 is divided by 141?
139
What is the remainder when 7867 is divided by 220?
167
What is the remainder when 24859 is divided by 469?
2
Calculate the remainder when 226374 is divided by 343.
337
What is the remainder when 1115568 is divided by 8784?
0
What is the remainder when 1105 is divided by 272?
17
Calculate the remainder when 161578 is divided by 60.
58
Calculate the remainder when 8642 is divided by 8475.
167
Calculate the remainder when 136341 is divided by 76.
73
What is the remainder when 8947 is divided by 1267?
78
What is the remainder when 260947 is divided by 314?
13
What is the remainder when 74698 is divided by 81?
16
What is the remainder when 30355 is divided by 27?
7
Calculate the remainder when 3007 is divided by 306.
253
What is the remainder when 19574 is divided by 2665?
919
Calculate the remainder when 17420 is divided by 3477.
35
Calculate the remainder when 15649 is divided by 14.
11
Calculate the remainder when 5887 is divided by 66.
13
Calculate the remainder when 5141 is divided by 915.
566
Calculate the remainder when 63281 is divided by 160.
81
Calculate the remainder when 2189 is divided by 1005.
179
What is the remainder when 2460 is divided by 56?
52
Calculate the remainder when 2295107 is divided by 948.
947
What is the remainder when 149361 is divided by 37?
29
What is the remainder when 45439 is divided by 14994?
457
What is the remainder when 10647 is divided by 2642?
79
Calculate the remainder when 23834 is divided by 728.
538
What is the remainder when 1385 is divided by 275?
10
Calculate the remainder when 81952 is divided by 29.
27
Calculate the remainder when 1836 is divided by 181.
26
Calculate the remainder when 24050 is divided by 252.
110
What is the remainder when 799516 is divided by 399758?
0
Calculate the remainder when 1297 is divided by 32.
17
Calculate the remainder when 1296172 is divided by 33.
31
What is the remainder when 28256 is divided by 1611?
869
Calculate the remainder when 1156 is divided by 35.
1
Calculate the remainder when 1009495 is divided by 1346.
1341
What is the remainder when 449 is divided by 389?
60
Calculate the remainder when 15333 is divided by 63.
24
Calculate the remainder when 517357 is divided by 580.
577
Calculate the remainder when 659299 is divided by 190.
189
Calculate the remainder when 14415 is divided by 140.
135
Calculate the remainder when 41973 is divided by 44.
41
What is the remainder when 2756 is divided by 12?
8
What is the remainder when 8142 is divided by 652?
318
What is the remainder when 691 is divided by 181?
148
What is the remainder when 1104 is divided by 77?
26
Calculate the remainder when 77134 is divided by 38558.
18
What is the remainder when 551 is divided by 287?
264
Calculate the remainder when 5097 is divided by 166.
117
Calculate the remainder when 12345 is divided by 65.
60
What is the remainder when 74762 is divided by 34?
30
What is the remainder when 299873 is divided by 74?
25
What is the remainder when 152280 is divided by 38024?
184
What is the remainder when 4703 is divided by 4592?
111
What is the remainder when 3388 is divided by 136?
124
Calculate the remainder when 33669 is divided by 17.
9
Calculate the remainder when 1436383 is divided by 31.
29
What is the remainder when 175035 is divided by 521?
500
What is the remainder when 18492 is divided by 1232?
12
What is the remainder when 2658935 is divided by 98?
97
What is the remainder when 839 is divided by 55?
14
What is the remainder when 11466 is divided by 140?
126
Calculate the remainder when 28347 is divided by 45.
42
Calculate the remainder when 315107 is divided by 45013.
16
What is the remainder when 143778 is divided by 47924?
6
Calculate the remainder when 29560 is divided by 7385.
20
Calculate the remainder when 14589 is divided by 128.
125
Calculate the remainder when 165206 is divided by 1206.
1190
Calculate the remainder when 733821 is divided by 191.
190
What is the remainder when 266300 is divided by 133115?
70
What is the remainder when 150572 is divided by 14?
2
Calculate the remainder when 88723 is divided by 69.
58
What is the remainder when 3246 is divided by 1570?
106
Calculate the remainder when 32097 is divided by 8.
1
What is the remainder when 6065 is divided by 516?
389
Calculate the remainder when 19092 is divided by 389.
31
What is the remainder when 8261 is divided by 672?
197
What is the remainder when 40356 is divided by 17?
15
Calculate the remainder when 266057 is divided by 1255.
1252
What is the remainder when 4909 is divided by 46?
33
What is the remainder when 2742 is divided by 1330?
82
What is the remainder when 13585 is divided by 272?
257
Calculate the remainder when 490 is divided by 30.
10
Calculate the remainder when 4485 is divided by 116.
77
What is the remainder when 101831 is divided by 92?
79
Calculate the remainder when 2682 is divided by 1960.
722
What is the remainder when 35730 is divided by 7146?
0
What is the remainder when 37898 is divided by 2914?
16
What is the remainder when 5341 is divided by 3?
1
Calculate the remainder when 21853 is divided by 3641.
7
Calculate the remainder when 11841 is divided by 743.
696
Calculate the remainder when 89750 is divided by 102.
92
Calculate the remainder when 3357 is divided by 361.
108
Calculate the remainder when 1224172 is divided by 139.
138
What is the remainder when 31859 is divided by 54?
53
Calculate the remainder when 9937 is divided by 3798.
2341
Calculate the remainder when 3261 is divided by 272.
269
Calculate the remainder when 835846 is divided by 114.
112
What is the remainder when 2704125 is divided by 24?
21
Calculate the remainder when 50327 is divided by 233.
232
Calculate the remainder when 116836 is divided by 19465.
46
Calculate the remainder when 527157 is divided by 115.
112
Calculate the remainder when 11556 is divided by 231.
6
What is the remainder when 106019 is divided by 16?
3
What is the remainder when 6825 is divided by 2127?
444
What is the remainder when 6817 is divided by 61?
46
Calculate the remainder when 231083 is divided by 1328.
11
Calculate the remainder when 65239 is divided by 33.
31
What is the remainder when 1341539 is divided by 9?
8
Calculate the remainder when 10971 is divided by 111.
93
Calculate the remainder when 8280 is divided by 525.
405
What is the remainder when 23490 is divided by 2610?
0
Calculate the remainder when 2655741 is divided by 133.
130
What is the remainder when 12734 is divided by 377?
293
What is the remainder when 83963 is divided by 256?
251
Calculate the remainder when 14975 is divided by 515.
40
Calculate the remainder when 339035 is divided by 38.
37
Calculate the remainder when 29352 is divided by 4891.
6
Calculate the remainder when 139100 is divided by 2781.
50
What is the remainder when 2014 is divided by 462?
166
What is the remainder when 25106 is divided by 295?
31
Calculate the remainder when 28451 is divided by 13.
7
Calculate the remainder when 32724 is divided by 681.
36
What is the remainder when 4170 is divided by 84?
54
Calculate the remainder when 2117 is divided by 837.
443
Calculate the remainder when 2678 is divided by 43.
12
What is the remainder when 41728 is divided by 309?
13
Calculate the remainder when 153 is divided by 11.
10
Calculate the remainder when 67713 is divided by 691.
686
What is the remainder when 188800 is divided by 18?
16
What is the remainder when 6262 is divided by 626?
2
What is the remainder when 36818 is divided by 218?
194
What is the remainder when 28412 is divided by 1304?
1028
Calculate the remainder when 23362 is divided by 59.
57
Calculate the remainder when 13016 is divided by 15.
11
What is the remainder when 26394 is divided by 695?
679
What is the remainder when 210068 